ided by 691450.
13
What is the remainder when 1328726563 is divided by 45?
43
Calculate the remainder when 647332 is divided by 14709.
136
What is the remainder when 35311902 is divided by 841?
835
What is the remainder when 421622 is divided by 140530?
32
What is the remainder when 53090 is divided by 1613?
1474
What is the remainder when 4253780 is divided by 2773?
2771
Calculate the remainder when 464975 is divided by 9.
8
What is the remainder when 3021815 is divided by 5210?
15
Calculate the remainder when 2080667 is divided by 253.
248
What is the remainder when 714614 is divided by 219?
17
Calculate the remainder when 258116 is divided by 1103.
14
What is the remainder when 7355724 is divided by 9666?
9564
Calculate the remainder when 55135527 is divided by 171.
168
What is the remainder when 2404171 is divided by 2426?
5
What is the remainder when 21473903 is divided by 32?
15
What is the remainder when 6357853 is divided by 1059639?
19
What is the remainder when 77725644 is divided by 182?
178
Calculate the remainder when 640989 is divided by 243.
198
What is the remainder when 712428 is divided by 35621?
8
Calculate the remainder when 6073 is divided by 2972.
129
What is the remainder when 1291519 is divided by 143502?
1
What is the remainder when 176374 is divided by 212?
202
What is the remainder when 6118 is divided by 816?
406
Calculate the remainder when 96040075 is divided by 9.
4
What is the remainder when 308712 is divided by 77110?
272
Calculate the remainder when 40528511 is divided by 26.
23
Calculate the remainder when 338968 is divided by 6516.
136
Calculate the remainder when 7228618 is divided by 235.
18
Calculate the remainder when 83673 is divided by 1632.
441
What is the remainder when 53155 is divided by 4011?
1012
Calculate the remainder when 5031344 is divided by 2515659.
26
Calculate the remainder when 1805982 is divided by 138920.
22
Calculate the remainder when 40588275 is divided by 665.
0
What is the remainder when 11020040 is divided by 11020031?
9
Calculate the remainder when 269884 is divided by 5190.
4
What is the remainder when 3718837 is divided by 177087?
10
Calculate the remainder when 2571755 is divided by 7864.
227
What is the remainder when 4413572 is divided by 2853?
2834
Calculate the remainder when 217289 is divided by 5148.
1073
What is the remainder when 4928306 is divided by 117?
32
Calculate the remainder when 14362911 is divided by 181809.
0
Calculate the remainder when 194268 is divided by 221.
9
Calculate the remainder when 63472 is divided by 15817.
204
What is the remainder when 21361 is divided by 41?
0
Calculate the remainder when 7030257 is divided by 3050.
7
Calculate the remainder when 345975 is divided by 171410.
3155
What is the remainder when 953815 is divided by 14032?
13671
Calculate the remainder when 211860 is divided by 283.
176
Calculate the remainder when 150013 is divided by 29871.
658
Calculate the remainder when 91650 is divided by 613.
313
Calculate the remainder when 88673 is divided by 14408.
2225
What is the remainder when 199387 is divided by 4899?
3427
What is the remainder when 694671 is divided by 134?
15
Calculate the remainder when 2067 is divided by 1880.
187
What is the remainder when 2214550 is divided by 496?
406
What is the remainder when 179392 is divided by 3584?
192
Calculate the remainder when 70259 is divided by 7002.
239
What is the remainder when 12226547 is divided by 73?
69
Calculate the remainder when 4730211 is divided by 20.
11
Calculate the remainder when 19984586 is divided by 3879.
3857
Calculate the remainder when 25516793 is divided by 349545.
8
What is the remainder when 6592374 is divided by 6592357?
17
What is the remainder when 174040853 is divided by 1121?
1119
What is the remainder when 1679619 is divided by 559544?
987
Calculate the remainder when 875203 is divided by 24311.
7
Calculate the remainder when 13095914 is divided by 1372.
174
What is the remainder when 143634 is divided by 59?
28
What is the remainder when 217854 is divided by 15555?
84
Calculate the remainder when 1659960 is divided by 1520.
120
Calculate the remainder when 931581 is divided by 478.
437
What is the remainder when 57704354 is divided by 9142?
50
What is the remainder when 3441044 is divided by 764?
752
Calculate the remainder when 84241 is divided by 2113.
1834
What is the remainder when 68070 is divided by 68030?
40
What is the remainder when 127898372 is divided by 25?
22
What is the remainder when 14719503 is divided by 3679866?
39
What is the remainder when 20363588 is divided by 1071765?
53
Calculate the remainder when 28987495 is divided by 235.
10
What is the remainder when 406070 is divided by 78749?
12325
Calculate the remainder when 5420426 is divided by 2466.
158
Calculate the remainder when 693474 is divided by 293.
236
Calculate the remainder when 1885160 is divided by 171203.
1927
What is the remainder when 14001449 is divided by 15104?
41
What is the remainder when 2258114 is divided by 852?
314
What is the remainder when 4369473 is divided by 5921?
5696
What is the remainder when 242940 is divided by 256?
252
What is the remainder when 1817537 is divided by 908702?
133
What is the remainder when 200272 is divided by 2989?
9
What is the remainder when 230921 is divided by 449?
135
Calculate the remainder when 27399 is divided by 8713.
1260
Calculate the remainder when 653276 is divided by 1064.
1044
Calculate the remainder when 44808 is divided by 5810.
4138
What is the remainder when 2239607 is divided by 28?
27
Calculate the remainder when 1899997 is divided by 633329.
10
Calculate the remainder when 217757 is divided by 84.
29
What is the remainder when 191878 is divided by 31936?
262
What is the remainder when 126361 is divided by 1018?
129
What is the remainder when 138814 is divided by 2520?
214
What is the remainder when 397526 is divided by 22050?
626
Calculate the remainder when 198741459 is divided by 113.
110
Calculate the remainder when 1171741 is divided by 50931.
328
What is the remainder when 1408365 is divided by 222?
219
What is the remainder when 502450 is divided by 157?
50
What is the remainder when 41112 is divided by 13137?
1701
Calculate the remainder when 870199 is divided by 4944.
55
Calculate the remainder when 53403 is divided by 10321.
1798
What is the remainder when 4287934 is divided by 14105?
14
What is the remainder when 65895389 is divided by 33?
32
What is the remainder when 55209136 is divided by 90?
76
What is the remainder when 28205129 is divided by 705128?
9
Calculate the remainder when 1177298248 is divided by 150.
148
Calculate the remainder when 42916 is divided by 1374.
322
Calculate the remainder when 556311 is divided by 26477.
294
What is the remainder when 3744542 is divided by 66863?
214
What is the remainder when 111331 is divided by 107632?
3699
Calculate the remainder when 4121529 is divided by 124890.
159
What is the remainder when 13543877 is divided by 5853?
35
Calculate the remainder when 61363489 is divided by 619833.
22
What is the remainder when 56874 is divided by 3956?
1490
Calculate the remainder when 1386971 is divided by 277392.
11
What is the remainder when 15982 is divided by 570?
22
What is the remainder when 1434438 is divided by 83?
32
What is the remainder when 93278194 is divided by 23?
15
Calculate the remainder when 597508 is divided by 12.
4
What is the remainder when 578188 is divided by 8759?
94
Calculate the remainder when 32575 is divided by 951.
241
What is the remainder when 30066390 is divided by 962?
42
Calculate the remainder when 109979125 is divided by 59.
57
What is the remainder when 4859970 is divided by 611?
76
What is the remainder when 19972689 is divided by 71077?
52
What is the remainder when 220831 is divided by 103?
102
Calculate the remainder when 6044977 is divided by 215889.
85
What is the remainder when 153447 is divided by 1016?
31
Calculate the remainder when 1543426 is divided by 1174.
790
What is the remainder when 68589 is divided by 471?
294
Calculate the remainder when 128187 is divided by 325.
137
What is the remainder when 1663989 is divided by 125?
114
Calculate the remainder when 420271 is divided by 4290.
4141
What is the r